p - c - 249. Suppose 0 = s - 2*q - 14, 6*s - 5*q = 3*s + p. What is the greatest common divisor of 16 and s?
16
Let l(w) = 29*w**2 - 2*w + 1. Let a = 5 - 4. Let s be l(a). What is the greatest common factor of 140 and s?
28
Let l = -8 + 13. What is the highest common factor of 45 and l?
5
Let s be 2/2 - -5*15/5. Let q(w) = 6*w**2 + 5*w - 4. Let d be q(4). Calculate the greatest common factor of s and d.
16
Let w = 17 - -14. Suppose 5*r = -w + 256. Let g = -18 + r. What is the greatest common factor of 3 and g?
3
Suppose -8 = -3*q + q. Let a be q/12 + (-498)/9. Let i be (-10)/a - (-436)/22. What is the highest common factor of i and 30?
10
Let r(u) = 2*u**2. Let k be r(-2). Calculate the greatest common factor of k and 4.
4
Let p = -1 + 56. What is the highest common factor of p and 5?
5
Let v be 4/(-10) - 92/20. Let t(b) = b + 7. Let z be t(v). What is the highest common factor of 8 and z?
2
Suppose -161 = -4*s - 5*m, 3*m - 26 = 3*s - 167. Calculate the greatest common factor of 11 and s.
11
Let i be -1 - (1 - 1 - -3). Let y be (4 - -8)*(-2)/i. Let m = -15 - -33. Calculate the highest common divisor of m and y.
6
Let o(j) = 8*j**2 - 4*j. Let k(b) = -b**2 - 5*b - 3. Suppose -2*i - 12 = 2*i. Let r be k(i). Let u be o(r). What is the greatest common divisor of 12 and u?
12
Let d = 13 + -2. Calculate the highest common factor of 99 and d.
11
Let r be 10/(-45) + 292/18. Calculate the greatest common divisor of 16 and r.
16
Suppose -3*v = 4*s - 8*s + 152, -3*v + 94 = 2*s. Calculate the greatest common divisor of 205 and s.
41
Let z(f) = -f**3 + 8*f**2 - 4*f + 6. Let y be z(5). Let g be (6/8)/((-1)/(-20)). Let w be 5/(g/6) + y. What is the greatest common divisor of 7 and w?
7
Let d(y) = -2*y + 6. Let w be d(-8). Calculate the greatest common divisor of w and 11.
11
Let t(n) = 42*n. Let v be t(2). Suppose -2*r - 5*p + 42 = 0, r = -3*r - 5*p + 84. Calculate the highest common divisor of r and v.
21
Suppose 5*c = -0*c + 25. Suppose 0*q - 46 = -c*q - 2*h, -5*q + 44 = 3*h. Let m be 12/(-30) - (-154)/q. Calculate the highest common factor of 15 and m.
15
Let n be 2 + (-12)/2 + 17. Calculate the highest common factor of 91 and n.
13
Suppose 5*p - p + 5*b - 79 = 0, -4*b + 76 = 4*p. Let h(y) = 144*y**2 - y - 1. Let f be h(-1). Calculate the highest common divisor of f and p.
16
Let l be 10/(-6) + (-2)/6. Let w be (1/1 - l)*1. What is the greatest common divisor of w and 9?
3
Suppose -6 = -3*c - 3*w, 4*c - w = -2 + 10. What is the greatest common factor of 8 and c?
2
Let z(x) = x**3 + 17*x**2 - x - 14. Let u be z(-17). Calculate the highest common divisor of u and 2.
1
Suppose 2*j - 3 - 15 = 0. Suppose 0 = 7*t - 3*t + 4*o + 4, 5*t - j = 2*o. What is the highest common divisor of 1 and t?
1
Let m be (0 - 2)/(-2)*2. Let n be -105*5/((-25)/m). Calculate the greatest common factor of 6 and n.
6
Let c(b) = 2*b + 2. Let i be c(2). What is the greatest common factor of i and 42?
6
Let y(w) = -2*w**3 + w**2 - 1. Let v be y(-1). Let b = 18 - 14. Suppose 2*x + 2*x = b*p + 20, -v*x = 3*p - 20. Calculate the greatest common factor of x and 14.
7
Let s = -16 - -18. Suppose 5*q - 3*g - 41 = 0, s*q - 11 = -0*q + 3*g. What is the highest common factor of q and 50?
10
Suppose -5*r = -5*t - 30, 2*r - 1 = 3*t + 6. Calculate the greatest common factor of 198 and r.
11
Suppose 5*z - 20 = -5*r, z = -2*r - 0*r + 7. Let n = r + -1. What is the highest common divisor of 2 and n?
2
Suppose -3*j - 4*z + 20 = 0, j - 24 = 3*z - 0*z. Calculate the highest common divisor of 12 and j.
12
Suppose 0 = -4*x - 14 - 10. Let t(a) = -11*a + 4. Let c be t(x). Calculate the highest common divisor of c and 14.
14
Suppose -93 = -z + 27. Calculate the greatest common divisor of z and 15.
15
Let k = 4 - 0. Let c(n) = -14*n. Let i(z) = 5*z. Let u(w) = 6*c(w) + 17*i(w). Let b be u(k). Calculate the highest common factor of 6 and b.
2
Let u(g) = -g - 4. Let i be ((-3)/(-6))/((-1)/6). Let q be u(i). Let d be 2 - (-1 + -28) - q. What is the greatest common factor of d and 8?
8
Let i be 9/(0 + (-12)/(-80)). Suppose 33 + 12 = 3*z. What is the highest common divisor of z and i?
15
Let k = -73 - -150. Let z = 41 + -30. What is the greatest common factor of k and z?
11
Let x be (-14)/(-5) - 2/(-10). Calculate the greatest common factor of x and 27.
3
Suppose i - 26 = -2*z, 4*z - 52 = -i - 0*i. Calculate the greatest common divisor of 91 and z.
13
Let c(g) = g**2 - g - 2. Let i be c(3). Let s be (17/4)/(i/16). Calculate the highest common factor of s and 68.
17
Suppose -2*m - 23 = -95. Calculate the highest common factor of 24 and m.
12
Let k(s) = 8*s**2 + s + 1. Let y be k(-1). Calculate the highest common factor of y and 16.
8
Let o be (2/2)/(2/154). Suppose -3*f + 5*g + 83 = 0, f + g + g = 24. Let l = f - 15. What is the highest common factor of l and o?
11
Let x be 24*8/10 + (-4)/(-5). What is the greatest common divisor of x and 220?
20
Let c(a) = -a**3 - 2*a**2 - 2*a - 3. Let p = -11 + 8. Let m be c(p). What is the greatest common divisor of 18 and m?
6
Let a(f) = f**3 + 3*f**2 - 3*f - 4. Let c be a(-3). What is the highest common divisor of c and 10?
5
Let l = 23 + -42. Let c = 33 + l. What is the highest common factor of 14 and c?
14
Suppose 5 - 13 = 5*w - 4*m, -2*m = -4. Suppose w*a = 2*a - 40. What is the highest common factor of 10 and a?
10
Suppose -t + y + 74 = 0, 0*t + y = -t + 66. Suppose s = 29 + t. What is the highest common factor of s and 11?
11
Suppose 2*f + 62 = f. Let k = f + 152. Calculate the highest common divisor of 10 and k.
10
Let p(w) be the first derivative of -9*w**4/2 + 3. Let b be p(-1). Suppose -2 = -k + b. Calculate the highest common divisor of k and 10.
10
Let y = 206 + -121. Calculate the greatest common divisor of y and 34.
17
Let v(g) = -11*g + 29. Let i be v(-16). What is the greatest common divisor of i and 41?
41
Let w(r) = -4*r**3 + r**2 - 2*r - 1. Let q be w(-2). Calculate the greatest common factor of 26 and q.
13
Suppose -3*l = -0*l + 96. Let i = l - -87. Suppose -q = -5*g - 5 - 5, 5*g + 20 = 3*q. What is the greatest common factor of q and i?
5
Let k(a) = -2 - 2 - 9*a + 4. Let x be k(-6). What is the greatest common factor of x and 6?
6
Let z = -4 - -28. What is the highest common divisor of z and 36?
12
Suppose 2*q - 60 = u, 0 = 4*u - 0 + 16. Calculate the greatest common divisor of 70 and q.
14
Let o = 4 + -3. Let b(n) be the third derivative of n**6/6 + n**5/60 + n**4/24 - n**3/6 + n**2. Let w be b(o). What is the highest common factor of w and 3?
3
Let f = 203 + -146. Let w = -12 - -50. What is the greatest common factor of w and f?
19
Suppose 16 = 2*s + 2*s. Suppose 3*p - 5*w = -3*w + 64, 5*p - s*w = 108. Let k = 32 - p. Calculate the highest common divisor of k and 60.
12
Suppose 4*l - c + 6*c = 27, -2*l + 21 = 5*c. Let i be (1/l)/(10/120). Calculate the highest common factor of i and 8.
4
Let w(x) be the first derivative of 3*x**4/2 - x**2 + x - 2. Let r be w(1). Let m be r + 2/(-2)*1. What is the greatest common factor of 2 and m?
2
Let a = 15 - 5. What is the greatest common factor of 5 and a?
5
Let v be (84/5)/(30/100). Suppose 40 = 4*l + l. Calculate the greatest common divisor of v and l.
8
Suppose -10 + 60 = 2*w. Suppose 0 = -2*y + 3*c - 6, 4*y = -2*c + 6*c - 4. Let u = w + y. Calculate the highest common divisor of u and 7.
7
Let d(q) = 15*q - 24. Let j be d(12). Calculate the greatest common factor of 12 and j.
12
Let p = -10 - -15. Suppose -a - 201 = -2*f + 2*a, p*a = 5*f - 495. What is the highest common divisor of f and 12?
12
Let g be 24/11 - (-4)/(-22). Suppose g*w - 37 = -9. Calculate the highest common factor of w and 70.
14
Suppose 66 - 194 = -8*m. What is the greatest common divisor of m and 24?
8
Let w(y) = -3*y + 4. Let x be w(3). Let t be (-2 - -2)/1 + x. Let f = -2 - t. Calculate the highest common divisor of 9 and f.
3
Suppose -a + 2*a = 0. Suppose 0 = -3*c - a*c + 9. Suppose -g + c = -8. What is the greatest common factor of 22 and g?
11
Suppose 0 = -x + 2. Let j be 43 + (0 - 2) - x. Suppose 4*q - j - 21 = 0. What is the greatest common factor of q and 6?
3
Let o be (-36)/(-15) + 24/40. Calculate the highest common factor of 4 and o.
1
Suppose -3*q = -2*s + 6, -20 = 3*q - 5*s - 5. Suppose 2*x - 288 = -q*x. Let l be (81/(-12))/(6/(-1